{"id":14,"date":"2025-12-12T13:51:49","date_gmt":"2025-12-12T12:51:49","guid":{"rendered":"https:\/\/hostalrestaurantelosarcos.com\/?page_id=14"},"modified":"2025-12-16T12:33:20","modified_gmt":"2025-12-16T11:33:20","slug":"sobre-nosotros","status":"publish","type":"page","link":"https:\/\/hostalrestaurantelosarcos.com\/index.php\/sobre-nosotros\/","title":{"rendered":"Sobre nosotros"},"content":{"rendered":"\t\t<div data-elementor-type=\"wp-page\" data-elementor-id=\"14\" class=\"elementor elementor-14\" data-elementor-settings=\"{&quot;ha_cmc_init_switcher&quot;:&quot;no&quot;}\" data-elementor-post-type=\"page\">\n\t\t\t\t<div class=\"elementor-element elementor-element-19b2bc9 e-flex e-con-boxed e-con e-parent\" data-id=\"19b2bc9\" data-element_type=\"container\" data-e-type=\"container\" data-settings=\"{&quot;_ha_eqh_enable&quot;:false}\">\n\t\t\t\t\t<div class=\"e-con-inner\">\n\t\t\t\t<div class=\"elementor-element elementor-element-8b3c13b elementor-widget-divider--view-line elementor-widget elementor-widget-divider\" data-id=\"8b3c13b\" data-element_type=\"widget\" data-e-type=\"widget\" data-widget_type=\"divider.default\">\n\t\t\t\t\t\t\t<div class=\"elementor-divider\">\n\t\t\t<span class=\"elementor-divider-separator\">\n\t\t\t\t\t\t<\/span>\n\t\t<\/div>\n\t\t\t\t\t\t<\/div>\n\t\t\t\t<div class=\"elementor-element elementor-element-2cdda20 elementor-widget elementor-widget-image\" data-id=\"2cdda20\" data-element_type=\"widget\" data-e-type=\"widget\" data-widget_type=\"image.default\">\n\t\t\t\t\t\t\t\t\t\t\t\t\t\t\t<img fetchpriority=\"high\" decoding=\"async\" width=\"1080\" height=\"81\" src=\"https:\/\/hostalrestaurantelosarcos.com\/wp-content\/uploads\/2025\/12\/WEB-RESTAURANTE-LOS-ARCOS-6.png\" class=\"attachment-1536x1536 size-1536x1536 wp-image-108\" alt=\"\" srcset=\"https:\/\/hostalrestaurantelosarcos.com\/wp-content\/uploads\/2025\/12\/WEB-RESTAURANTE-LOS-ARCOS-6.png 1080w, https:\/\/hostalrestaurantelosarcos.com\/wp-content\/uploads\/2025\/12\/WEB-RESTAURANTE-LOS-ARCOS-6-300x23.png 300w, https:\/\/hostalrestaurantelosarcos.com\/wp-content\/uploads\/2025\/12\/WEB-RESTAURANTE-LOS-ARCOS-6-1024x77.png 1024w, https:\/\/hostalrestaurantelosarcos.com\/wp-content\/uploads\/2025\/12\/WEB-RESTAURANTE-LOS-ARCOS-6-768x58.png 768w\" sizes=\"(max-width: 1080px) 100vw, 1080px\" \/>\t\t\t\t\t\t\t\t\t\t\t\t\t\t\t<\/div>\n\t\t\t\t<div class=\"elementor-element elementor-element-e9d9652 elementor-widget elementor-widget-heading\" data-id=\"e9d9652\" data-element_type=\"widget\" data-e-type=\"widget\" data-widget_type=\"heading.default\">\n\t\t\t\t\t<h2 class=\"elementor-heading-title elementor-size-default\">Una historia de familia y tradici\u00f3n<\/h2>\t\t\t\t<\/div>\n\t\t\t\t<div class=\"elementor-element elementor-element-3382d52 elementor-widget elementor-widget-text-editor\" data-id=\"3382d52\" data-element_type=\"widget\" data-e-type=\"widget\" data-widget_type=\"text-editor.default\">\n\t\t\t\t\t\t\t\t\t<p>En <strong>Restaurante Los Arcos<\/strong> llevamos desde <strong>1979<\/strong> compartiendo nuestra pasi\u00f3n por la buena comida y el trato cercano. Nacimos como un peque\u00f1o negocio familiar en <strong>Torredonjimeno (Ja\u00e9n)<\/strong> y, con el paso del tiempo, hemos ido creciendo sin perder nuestra esencia: ofrecer <strong>cocina casera,<\/strong> de calidad y hecha con cari\u00f1o.<\/p><p>Cada generaci\u00f3n ha aportado algo nuevo, manteniendo vivas las recetas de siempre \u2014como nuestras <em>croquetas de la abuela<\/em>\u2014 y a\u00f1adiendo toques modernos que dan a nuestra carta un aire renovado, sin perder el sabor de toda la vida.<\/p>\t\t\t\t\t\t\t\t<\/div>\n\t\t\t\t<div class=\"elementor-element elementor-element-63c0ae7 elementor-widget elementor-widget-image\" data-id=\"63c0ae7\" data-element_type=\"widget\" data-e-type=\"widget\" data-widget_type=\"image.default\">\n\t\t\t\t\t\t\t\t\t\t\t\t\t\t\t<img decoding=\"async\" width=\"1080\" height=\"81\" src=\"https:\/\/hostalrestaurantelosarcos.com\/wp-content\/uploads\/2025\/12\/WEB-RESTAURANTE-LOS-ARCOS-7.png\" class=\"attachment-1536x1536 size-1536x1536 wp-image-110\" alt=\"\" srcset=\"https:\/\/hostalrestaurantelosarcos.com\/wp-content\/uploads\/2025\/12\/WEB-RESTAURANTE-LOS-ARCOS-7.png 1080w, https:\/\/hostalrestaurantelosarcos.com\/wp-content\/uploads\/2025\/12\/WEB-RESTAURANTE-LOS-ARCOS-7-300x23.png 300w, https:\/\/hostalrestaurantelosarcos.com\/wp-content\/uploads\/2025\/12\/WEB-RESTAURANTE-LOS-ARCOS-7-1024x77.png 1024w, https:\/\/hostalrestaurantelosarcos.com\/wp-content\/uploads\/2025\/12\/WEB-RESTAURANTE-LOS-ARCOS-7-768x58.png 768w\" sizes=\"(max-width: 1080px) 100vw, 1080px\" \/>\t\t\t\t\t\t\t\t\t\t\t\t\t\t\t<\/div>\n\t\t\t\t\t<\/div>\n\t\t\t\t<\/div>\n\t\t<div class=\"elementor-element elementor-element-7122f41 e-flex e-con-boxed e-con e-parent\" data-id=\"7122f41\" data-element_type=\"container\" data-e-type=\"container\" data-settings=\"{&quot;_ha_eqh_enable&quot;:false}\">\n\t\t\t\t\t<div class=\"e-con-inner\">\n\t\t\t\t<div class=\"elementor-element elementor-element-251c069 elementor-widget-divider--view-line elementor-widget elementor-widget-divider\" data-id=\"251c069\" data-element_type=\"widget\" data-e-type=\"widget\" data-widget_type=\"divider.default\">\n\t\t\t\t\t\t\t<div class=\"elementor-divider\">\n\t\t\t<span class=\"elementor-divider-separator\">\n\t\t\t\t\t\t<\/span>\n\t\t<\/div>\n\t\t\t\t\t\t<\/div>\n\t\t\t\t\t<\/div>\n\t\t\t\t<\/div>\n\t\t<div class=\"elementor-element elementor-element-d3f32a5 e-flex e-con-boxed e-con e-parent\" data-id=\"d3f32a5\" data-element_type=\"container\" data-e-type=\"container\" data-settings=\"{&quot;_ha_eqh_enable&quot;:false}\">\n\t\t\t\t\t<div class=\"e-con-inner\">\n\t\t<div class=\"elementor-element elementor-element-4f50f4d e-con-full e-flex e-con e-child\" data-id=\"4f50f4d\" data-element_type=\"container\" data-e-type=\"container\" data-settings=\"{&quot;_ha_eqh_enable&quot;:false}\">\n\t\t\t\t<div class=\"elementor-element elementor-element-442d0ee elementor-widget elementor-widget-heading\" data-id=\"442d0ee\" data-element_type=\"widget\" data-e-type=\"widget\" data-widget_type=\"heading.default\">\n\t\t\t\t\t<h2 class=\"elementor-heading-title elementor-size-default\">Nuestra filosof\u00eda:<\/h2>\t\t\t\t<\/div>\n\t\t\t\t<div class=\"elementor-element elementor-element-e88e92a elementor-widget elementor-widget-heading\" data-id=\"e88e92a\" data-element_type=\"widget\" data-e-type=\"widget\" data-widget_type=\"heading.default\">\n\t\t\t\t\t<h2 class=\"elementor-heading-title elementor-size-default\">Cocinar con alma<\/h2>\t\t\t\t<\/div>\n\t\t\t\t<div class=\"elementor-element elementor-element-d97a495 elementor-widget elementor-widget-text-editor\" data-id=\"d97a495\" data-element_type=\"widget\" data-e-type=\"widget\" data-widget_type=\"text-editor.default\">\n\t\t\t\t\t\t\t\t\t<p>Creemos que la buena cocina no se mide solo por los ingredientes, sino tambi\u00e9n por el cari\u00f1o con el que se prepara.<\/p><p>Por eso, en <strong>Los Arcos<\/strong> cuidamos cada detalle: desde la selecci\u00f3n de productos frescos hasta la presentaci\u00f3n final del plato.<\/p><p>Nuestro objetivo es que cada persona que nos visite se sienta como en casa, disfrute de una comida sabrosa y viva una experiencia cercana, familiar y aut\u00e9ntica.<\/p>\t\t\t\t\t\t\t\t<\/div>\n\t\t\t\t<\/div>\n\t\t<div class=\"elementor-element elementor-element-5f6e498 e-con-full e-flex e-con e-child\" data-id=\"5f6e498\" data-element_type=\"container\" data-e-type=\"container\" data-settings=\"{&quot;background_background&quot;:&quot;classic&quot;,&quot;_ha_eqh_enable&quot;:false}\">\n\t\t\t\t<\/div>\n\t\t\t\t\t<\/div>\n\t\t\t\t<\/div>\n\t\t<div class=\"elementor-element elementor-element-0de3b9d e-flex e-con-boxed e-con e-parent\" data-id=\"0de3b9d\" data-element_type=\"container\" data-e-type=\"container\" data-settings=\"{&quot;_ha_eqh_enable&quot;:false}\">\n\t\t\t\t\t<div class=\"e-con-inner\">\n\t\t\t\t<div class=\"elementor-element elementor-element-aae9115 elementor-widget-divider--view-line elementor-widget elementor-widget-divider\" data-id=\"aae9115\" data-element_type=\"widget\" data-e-type=\"widget\" data-widget_type=\"divider.default\">\n\t\t\t\t\t\t\t<div class=\"elementor-divider\">\n\t\t\t<span class=\"elementor-divider-separator\">\n\t\t\t\t\t\t<\/span>\n\t\t<\/div>\n\t\t\t\t\t\t<\/div>\n\t\t\t\t\t<\/div>\n\t\t\t\t<\/div>\n\t\t<div class=\"elementor-element elementor-element-5b562a0 e-flex e-con-boxed e-con e-parent\" data-id=\"5b562a0\" data-element_type=\"container\" data-e-type=\"container\" data-settings=\"{&quot;_ha_eqh_enable&quot;:false}\">\n\t\t\t\t\t<div class=\"e-con-inner\">\n\t\t<div class=\"elementor-element elementor-element-e0e232d e-con-full e-flex e-con e-child\" data-id=\"e0e232d\" data-element_type=\"container\" data-e-type=\"container\" data-settings=\"{&quot;background_background&quot;:&quot;classic&quot;,&quot;_ha_eqh_enable&quot;:false}\">\n\t\t\t\t<\/div>\n\t\t<div class=\"elementor-element elementor-element-00ea94c e-con-full e-flex e-con e-child\" data-id=\"00ea94c\" data-element_type=\"container\" data-e-type=\"container\" data-settings=\"{&quot;background_background&quot;:&quot;classic&quot;,&quot;_ha_eqh_enable&quot;:false}\">\n\t\t\t\t<div class=\"elementor-element elementor-element-1fa921e elementor-widget elementor-widget-heading\" data-id=\"1fa921e\" data-element_type=\"widget\" data-e-type=\"widget\" data-widget_type=\"heading.default\">\n\t\t\t\t\t<h2 class=\"elementor-heading-title elementor-size-default\">Entre tradici\u00f3n<\/h2>\t\t\t\t<\/div>\n\t\t\t\t<div class=\"elementor-element elementor-element-59105ff elementor-widget elementor-widget-heading\" data-id=\"59105ff\" data-element_type=\"widget\" data-e-type=\"widget\" data-widget_type=\"heading.default\">\n\t\t\t\t\t<h2 class=\"elementor-heading-title elementor-size-default\">y modernidad<\/h2>\t\t\t\t<\/div>\n\t\t\t\t<div class=\"elementor-element elementor-element-3dd5104 elementor-widget elementor-widget-text-editor\" data-id=\"3dd5104\" data-element_type=\"widget\" data-e-type=\"widget\" data-widget_type=\"text-editor.default\">\n\t\t\t\t\t\t\t\t\t<p>Aunque conservamos el estilo <strong>r\u00fastico y tradicional<\/strong> que nos caracteriza, tambi\u00e9n nos gusta innovar. Buscamos siempre ese equilibrio entre los sabores de anta\u00f1o y las nuevas formas de disfrutar la gastronom\u00eda, manteniendo viva la identidad que nos ha<br \/>acompa\u00f1ado durante m\u00e1s de cuatro d\u00e9cadas.<\/p><p>Cada cliente que pasa por <strong>Restaurante Los Arcos<\/strong> forma parte de esta familia. Gracias a vosotros seguimos creciendo, mejorando y manteniendo viva la ilusi\u00f3n de seguir cocinando como el primer d\u00eda.<\/p>\t\t\t\t\t\t\t\t<\/div>\n\t\t\t\t<\/div>\n\t\t\t\t\t<\/div>\n\t\t\t\t<\/div>\n\t\t<div class=\"elementor-element elementor-element-6f4763b e-flex e-con-boxed e-con e-parent\" data-id=\"6f4763b\" data-element_type=\"container\" data-e-type=\"container\" data-settings=\"{&quot;_ha_eqh_enable&quot;:false}\">\n\t\t\t\t\t<div class=\"e-con-inner\">\n\t\t\t\t<div class=\"elementor-element elementor-element-2b8df24 elementor-widget elementor-widget-heading\" data-id=\"2b8df24\" data-element_type=\"widget\" data-e-type=\"widget\" data-widget_type=\"heading.default\">\n\t\t\t\t\t<h2 class=\"elementor-heading-title elementor-size-default\">Gracias por ser parte de nuestra historia.<\/h2>\t\t\t\t<\/div>\n\t\t\t\t\t<\/div>\n\t\t\t\t<\/div>\n\t\t<div class=\"elementor-element elementor-element-70c6305 e-flex e-con-boxed e-con e-parent\" data-id=\"70c6305\" data-element_type=\"container\" data-e-type=\"container\" data-settings=\"{&quot;_ha_eqh_enable&quot;:false}\">\n\t\t\t\t\t<div class=\"e-con-inner\">\n\t\t\t\t<div class=\"elementor-element elementor-element-01af236 elementor-widget-divider--view-line elementor-widget elementor-widget-divider\" data-id=\"01af236\" data-element_type=\"widget\" data-e-type=\"widget\" data-widget_type=\"divider.default\">\n\t\t\t\t\t\t\t<div class=\"elementor-divider\">\n\t\t\t<span class=\"elementor-divider-separator\">\n\t\t\t\t\t\t<\/span>\n\t\t<\/div>\n\t\t\t\t\t\t<\/div>\n\t\t\t\t\t<\/div>\n\t\t\t\t<\/div>\n\t\t\t\t<\/div>\n\t\t","protected":false},"excerpt":{"rendered":"<p>Una historia de familia y tradici\u00f3n En Restaurante Los Arcos llevamos desde 1979 compartiendo nuestra pasi\u00f3n por la buena comida [&hellip;]<\/p>\n","protected":false},"author":1,"featured_media":0,"parent":0,"menu_order":0,"comment_status":"closed","ping_status":"closed","template":"","meta":{"site-sidebar-layout":"no-sidebar","site-content-layout":"","ast-site-content-layout":"full-width-container","site-content-style":"default","site-sidebar-style":"default","ast-global-header-display":"","ast-banner-title-visibility":"","ast-main-header-display":"","ast-hfb-above-header-display":"","ast-hfb-below-header-display":"","ast-hfb-mobile-header-display":"","site-post-title":"disabled","ast-breadcrumbs-content":"","ast-featured-img":"disabled","footer-sml-layout":"","ast-disable-related-posts":"","theme-transparent-header-meta":"","adv-header-id-meta":"","stick-header-meta":"","header-above-stick-meta":"","header-main-stick-meta":"","header-below-stick-meta":"","astra-migrate-meta-layouts":"default","ast-page-background-enabled":"default","ast-page-background-meta":{"desktop":{"background-color":"var(--ast-global-color-5)","background-image":"","background-repeat":"repeat","background-position":"center center","background-size":"auto","background-attachment":"scroll","background-type":"","background-media":"","overlay-type":"","overlay-color":"","overlay-opacity":"","overlay-gradient":""},"tablet":{"background-color":"","background-image":"","background-repeat":"repeat","background-position":"center center","background-size":"auto","background-attachment":"scroll","background-type":"","background-media":"","overlay-type":"","overlay-color":"","overlay-opacity":"","overlay-gradient":""},"mobile":{"background-color":"","background-image":"","background-repeat":"repeat","background-position":"center center","background-size":"auto","background-attachment":"scroll","background-type":"","background-media":"","overlay-type":"","overlay-color":"","overlay-opacity":"","overlay-gradient":""}},"ast-content-background-meta":{"desktop":{"background-color":"var(--ast-global-color-4)","background-image":"","background-repeat":"repeat","background-position":"center center","background-size":"auto","background-attachment":"scroll","background-type":"","background-media":"","overlay-type":"","overlay-color":"","overlay-opacity":"","overlay-gradient":""},"tablet":{"background-color":"var(--ast-global-color-4)","background-image":"","background-repeat":"repeat","background-position":"center center","background-size":"auto","background-attachment":"scroll","background-type":"","background-media":"","overlay-type":"","overlay-color":"","overlay-opacity":"","overlay-gradient":""},"mobile":{"background-color":"var(--ast-global-color-4)","background-image":"","background-repeat":"repeat","background-position":"center center","background-size":"auto","background-attachment":"scroll","background-type":"","background-media":"","overlay-type":"","overlay-color":"","overlay-opacity":"","overlay-gradient":""}},"footnotes":""},"class_list":["post-14","page","type-page","status-publish","hentry"],"yoast_head":"<!-- This site is optimized with the Yoast SEO plugin v27.3 - https:\/\/yoast.com\/product\/yoast-seo-wordpress\/ -->\n<title>Sobre nosotros - Pensi\u00f3n Restaurante Los Arcos<\/title>\n<meta name=\"robots\" content=\"index, follow, max-snippet:-1, max-image-preview:large, max-video-preview:-1\" \/>\n<link rel=\"canonical\" href=\"https:\/\/hostalrestaurantelosarcos.com\/index.php\/sobre-nosotros\/\" \/>\n<meta property=\"og:locale\" content=\"es_ES\" \/>\n<meta property=\"og:type\" content=\"article\" \/>\n<meta property=\"og:title\" content=\"Sobre nosotros - Pensi\u00f3n Restaurante Los Arcos\" \/>\n<meta property=\"og:description\" content=\"Una historia de familia y tradici\u00f3n En Restaurante Los Arcos llevamos desde 1979 compartiendo nuestra pasi\u00f3n por la buena comida [&hellip;]\" \/>\n<meta property=\"og:url\" content=\"https:\/\/hostalrestaurantelosarcos.com\/index.php\/sobre-nosotros\/\" \/>\n<meta property=\"og:site_name\" content=\"Pensi\u00f3n Restaurante Los Arcos\" \/>\n<meta property=\"article:modified_time\" content=\"2025-12-16T11:33:20+00:00\" \/>\n<meta property=\"og:image\" content=\"https:\/\/hostalrestaurantelosarcos.com\/wp-content\/uploads\/2025\/12\/WEB-RESTAURANTE-LOS-ARCOS-6.png\" \/>\n\t<meta property=\"og:image:width\" content=\"1080\" \/>\n\t<meta property=\"og:image:height\" content=\"81\" \/>\n\t<meta property=\"og:image:type\" content=\"image\/png\" \/>\n<meta name=\"twitter:card\" content=\"summary_large_image\" \/>\n<meta name=\"twitter:label1\" content=\"Tiempo de lectura\" \/>\n\t<meta name=\"twitter:data1\" content=\"1 minuto\" \/>\n<script type=\"application\/ld+json\" class=\"yoast-schema-graph\">{\"@context\":\"https:\\\/\\\/schema.org\",\"@graph\":[{\"@type\":\"WebPage\",\"@id\":\"https:\\\/\\\/hostalrestaurantelosarcos.com\\\/index.php\\\/sobre-nosotros\\\/\",\"url\":\"https:\\\/\\\/hostalrestaurantelosarcos.com\\\/index.php\\\/sobre-nosotros\\\/\",\"name\":\"Sobre nosotros - Pensi\u00f3n Restaurante Los Arcos\",\"isPartOf\":{\"@id\":\"https:\\\/\\\/hostalrestaurantelosarcos.com\\\/#website\"},\"primaryImageOfPage\":{\"@id\":\"https:\\\/\\\/hostalrestaurantelosarcos.com\\\/index.php\\\/sobre-nosotros\\\/#primaryimage\"},\"image\":{\"@id\":\"https:\\\/\\\/hostalrestaurantelosarcos.com\\\/index.php\\\/sobre-nosotros\\\/#primaryimage\"},\"thumbnailUrl\":\"https:\\\/\\\/hostalrestaurantelosarcos.com\\\/wp-content\\\/uploads\\\/2025\\\/12\\\/WEB-RESTAURANTE-LOS-ARCOS-6.png\",\"datePublished\":\"2025-12-12T12:51:49+00:00\",\"dateModified\":\"2025-12-16T11:33:20+00:00\",\"breadcrumb\":{\"@id\":\"https:\\\/\\\/hostalrestaurantelosarcos.com\\\/index.php\\\/sobre-nosotros\\\/#breadcrumb\"},\"inLanguage\":\"es\",\"potentialAction\":[{\"@type\":\"ReadAction\",\"target\":[\"https:\\\/\\\/hostalrestaurantelosarcos.com\\\/index.php\\\/sobre-nosotros\\\/\"]}]},{\"@type\":\"ImageObject\",\"inLanguage\":\"es\",\"@id\":\"https:\\\/\\\/hostalrestaurantelosarcos.com\\\/index.php\\\/sobre-nosotros\\\/#primaryimage\",\"url\":\"https:\\\/\\\/hostalrestaurantelosarcos.com\\\/wp-content\\\/uploads\\\/2025\\\/12\\\/WEB-RESTAURANTE-LOS-ARCOS-6.png\",\"contentUrl\":\"https:\\\/\\\/hostalrestaurantelosarcos.com\\\/wp-content\\\/uploads\\\/2025\\\/12\\\/WEB-RESTAURANTE-LOS-ARCOS-6.png\",\"width\":1080,\"height\":81},{\"@type\":\"BreadcrumbList\",\"@id\":\"https:\\\/\\\/hostalrestaurantelosarcos.com\\\/index.php\\\/sobre-nosotros\\\/#breadcrumb\",\"itemListElement\":[{\"@type\":\"ListItem\",\"position\":1,\"name\":\"Portada\",\"item\":\"https:\\\/\\\/hostalrestaurantelosarcos.com\\\/\"},{\"@type\":\"ListItem\",\"position\":2,\"name\":\"Sobre nosotros\"}]},{\"@type\":\"WebSite\",\"@id\":\"https:\\\/\\\/hostalrestaurantelosarcos.com\\\/#website\",\"url\":\"https:\\\/\\\/hostalrestaurantelosarcos.com\\\/\",\"name\":\"Pensi\u00f3n Restaurante Los Arcos\",\"description\":\"\",\"publisher\":{\"@id\":\"https:\\\/\\\/hostalrestaurantelosarcos.com\\\/#organization\"},\"potentialAction\":[{\"@type\":\"SearchAction\",\"target\":{\"@type\":\"EntryPoint\",\"urlTemplate\":\"https:\\\/\\\/hostalrestaurantelosarcos.com\\\/?s={search_term_string}\"},\"query-input\":{\"@type\":\"PropertyValueSpecification\",\"valueRequired\":true,\"valueName\":\"search_term_string\"}}],\"inLanguage\":\"es\"},{\"@type\":\"Organization\",\"@id\":\"https:\\\/\\\/hostalrestaurantelosarcos.com\\\/#organization\",\"name\":\"Pensi\u00f3n Restaurante Los Arcos\",\"url\":\"https:\\\/\\\/hostalrestaurantelosarcos.com\\\/\",\"logo\":{\"@type\":\"ImageObject\",\"inLanguage\":\"es\",\"@id\":\"https:\\\/\\\/hostalrestaurantelosarcos.com\\\/#\\\/schema\\\/logo\\\/image\\\/\",\"url\":\"https:\\\/\\\/hostalrestaurantelosarcos.com\\\/wp-content\\\/uploads\\\/2025\\\/12\\\/Restaurante-Los-Arcos.pdf-1.png\",\"contentUrl\":\"https:\\\/\\\/hostalrestaurantelosarcos.com\\\/wp-content\\\/uploads\\\/2025\\\/12\\\/Restaurante-Los-Arcos.pdf-1.png\",\"width\":2000,\"height\":1428,\"caption\":\"Pensi\u00f3n Restaurante Los Arcos\"},\"image\":{\"@id\":\"https:\\\/\\\/hostalrestaurantelosarcos.com\\\/#\\\/schema\\\/logo\\\/image\\\/\"}}]}<\/script>\n<!-- \/ Yoast SEO plugin. -->","yoast_head_json":{"title":"Sobre nosotros - Pensi\u00f3n Restaurante Los Arcos","robots":{"index":"index","follow":"follow","max-snippet":"max-snippet:-1","max-image-preview":"max-image-preview:large","max-video-preview":"max-video-preview:-1"},"canonical":"https:\/\/hostalrestaurantelosarcos.com\/index.php\/sobre-nosotros\/","og_locale":"es_ES","og_type":"article","og_title":"Sobre nosotros - Pensi\u00f3n Restaurante Los Arcos","og_description":"Una historia de familia y tradici\u00f3n En Restaurante Los Arcos llevamos desde 1979 compartiendo nuestra pasi\u00f3n por la buena comida [&hellip;]","og_url":"https:\/\/hostalrestaurantelosarcos.com\/index.php\/sobre-nosotros\/","og_site_name":"Pensi\u00f3n Restaurante Los Arcos","article_modified_time":"2025-12-16T11:33:20+00:00","og_image":[{"width":1080,"height":81,"url":"https:\/\/hostalrestaurantelosarcos.com\/wp-content\/uploads\/2025\/12\/WEB-RESTAURANTE-LOS-ARCOS-6.png","type":"image\/png"}],"twitter_card":"summary_large_image","twitter_misc":{"Tiempo de lectura":"1 minuto"},"schema":{"@context":"https:\/\/schema.org","@graph":[{"@type":"WebPage","@id":"https:\/\/hostalrestaurantelosarcos.com\/index.php\/sobre-nosotros\/","url":"https:\/\/hostalrestaurantelosarcos.com\/index.php\/sobre-nosotros\/","name":"Sobre nosotros - Pensi\u00f3n Restaurante Los Arcos","isPartOf":{"@id":"https:\/\/hostalrestaurantelosarcos.com\/#website"},"primaryImageOfPage":{"@id":"https:\/\/hostalrestaurantelosarcos.com\/index.php\/sobre-nosotros\/#primaryimage"},"image":{"@id":"https:\/\/hostalrestaurantelosarcos.com\/index.php\/sobre-nosotros\/#primaryimage"},"thumbnailUrl":"https:\/\/hostalrestaurantelosarcos.com\/wp-content\/uploads\/2025\/12\/WEB-RESTAURANTE-LOS-ARCOS-6.png","datePublished":"2025-12-12T12:51:49+00:00","dateModified":"2025-12-16T11:33:20+00:00","breadcrumb":{"@id":"https:\/\/hostalrestaurantelosarcos.com\/index.php\/sobre-nosotros\/#breadcrumb"},"inLanguage":"es","potentialAction":[{"@type":"ReadAction","target":["https:\/\/hostalrestaurantelosarcos.com\/index.php\/sobre-nosotros\/"]}]},{"@type":"ImageObject","inLanguage":"es","@id":"https:\/\/hostalrestaurantelosarcos.com\/index.php\/sobre-nosotros\/#primaryimage","url":"https:\/\/hostalrestaurantelosarcos.com\/wp-content\/uploads\/2025\/12\/WEB-RESTAURANTE-LOS-ARCOS-6.png","contentUrl":"https:\/\/hostalrestaurantelosarcos.com\/wp-content\/uploads\/2025\/12\/WEB-RESTAURANTE-LOS-ARCOS-6.png","width":1080,"height":81},{"@type":"BreadcrumbList","@id":"https:\/\/hostalrestaurantelosarcos.com\/index.php\/sobre-nosotros\/#breadcrumb","itemListElement":[{"@type":"ListItem","position":1,"name":"Portada","item":"https:\/\/hostalrestaurantelosarcos.com\/"},{"@type":"ListItem","position":2,"name":"Sobre nosotros"}]},{"@type":"WebSite","@id":"https:\/\/hostalrestaurantelosarcos.com\/#website","url":"https:\/\/hostalrestaurantelosarcos.com\/","name":"Pensi\u00f3n Restaurante Los Arcos","description":"","publisher":{"@id":"https:\/\/hostalrestaurantelosarcos.com\/#organization"},"potentialAction":[{"@type":"SearchAction","target":{"@type":"EntryPoint","urlTemplate":"https:\/\/hostalrestaurantelosarcos.com\/?s={search_term_string}"},"query-input":{"@type":"PropertyValueSpecification","valueRequired":true,"valueName":"search_term_string"}}],"inLanguage":"es"},{"@type":"Organization","@id":"https:\/\/hostalrestaurantelosarcos.com\/#organization","name":"Pensi\u00f3n Restaurante Los Arcos","url":"https:\/\/hostalrestaurantelosarcos.com\/","logo":{"@type":"ImageObject","inLanguage":"es","@id":"https:\/\/hostalrestaurantelosarcos.com\/#\/schema\/logo\/image\/","url":"https:\/\/hostalrestaurantelosarcos.com\/wp-content\/uploads\/2025\/12\/Restaurante-Los-Arcos.pdf-1.png","contentUrl":"https:\/\/hostalrestaurantelosarcos.com\/wp-content\/uploads\/2025\/12\/Restaurante-Los-Arcos.pdf-1.png","width":2000,"height":1428,"caption":"Pensi\u00f3n Restaurante Los Arcos"},"image":{"@id":"https:\/\/hostalrestaurantelosarcos.com\/#\/schema\/logo\/image\/"}}]}},"_links":{"self":[{"href":"https:\/\/hostalrestaurantelosarcos.com\/index.php\/wp-json\/wp\/v2\/pages\/14","targetHints":{"allow":["GET"]}}],"collection":[{"href":"https:\/\/hostalrestaurantelosarcos.com\/index.php\/wp-json\/wp\/v2\/pages"}],"about":[{"href":"https:\/\/hostalrestaurantelosarcos.com\/index.php\/wp-json\/wp\/v2\/types\/page"}],"author":[{"embeddable":true,"href":"https:\/\/hostalrestaurantelosarcos.com\/index.php\/wp-json\/wp\/v2\/users\/1"}],"replies":[{"embeddable":true,"href":"https:\/\/hostalrestaurantelosarcos.com\/index.php\/wp-json\/wp\/v2\/comments?post=14"}],"version-history":[{"count":58,"href":"https:\/\/hostalrestaurantelosarcos.com\/index.php\/wp-json\/wp\/v2\/pages\/14\/revisions"}],"predecessor-version":[{"id":261,"href":"https:\/\/hostalrestaurantelosarcos.com\/index.php\/wp-json\/wp\/v2\/pages\/14\/revisions\/261"}],"wp:attachment":[{"href":"https:\/\/hostalrestaurantelosarcos.com\/index.php\/wp-json\/wp\/v2\/media?parent=14"}],"curies":[{"name":"wp","href":"https:\/\/api.w.org\/{rel}","templated":true}]}}